me?
True
Is 3513549913 a composite number?
False
Is 49864696793 a prime number?
False
Is 3192380251 a composite number?
False
Is 153960454529 a composite number?
True
Is 34868208121 a composite number?
False
Is 1104035351 a composite number?
True
Is 754380239 prime?
True
Is 470532401 prime?
False
Is 3662692153 a prime number?
True
Is 47175696839 a composite number?
True
Is 1537024003 prime?
True
Is 152037481597 composite?
True
Is 6808608497 composite?
True
Is 1237179343 prime?
True
Is 156234693673 a prime number?
True
Is 48846362207 prime?
True
Is 647236435 composite?
True
Is 120840962323 a composite number?
False
Is 238287499 a composite number?
True
Is 280562773 a prime number?
False
Is 6305873533 prime?
True
Is 3195692177 a composite number?
False
Is 1314446597 prime?
False
Is 23749783741 composite?
False
Is 663902123 composite?
True
Is 21078643819 a prime number?
True
Is 22598282165 prime?
False
Is 340982299781 composite?
False
Is 34088146247 prime?
False
Is 15133434931 prime?
True
Is 5343010139 composite?
False
Is 192690677 a prime number?
True
Is 202748134769 a prime number?
False
Is 211050767 a prime number?
False
Is 5033838353 prime?
True
Is 1596009703 composite?
False
Is 2037521429 a composite number?
False
Is 86633787763 a composite number?
True
Is 8825345071 a composite number?
True
Is 240694987 a composite number?
True
Is 2931498457 a composite number?
True
Is 32325461473 a composite number?
False
Is 93091326233 prime?
True
Is 11101835389 prime?
False
Is 332363327 composite?
True
Is 1652745011 composite?
False
Is 49390488529 prime?
True
Is 30734837179 a prime number?
False
Is 103558003 a prime number?
True
Is 7683445241 a prime number?
True
Is 738989869 a composite number?
False
Is 618772655 composite?
True
Is 515328357 prime?
False
Is 7990124371 prime?
True
Is 26702511607 a composite number?
True
Is 10324212887 a composite number?
False
Is 12731616253 a prime number?
True
Is 22477255981 a prime number?
True
Is 9849245291 prime?
True
Is 791183411 a composite number?
False
Is 6937458929 composite?
False
Is 214131551 a composite number?
False
Is 19039595693 a prime number?
False
Is 81657985693 prime?
False
Is 31393951 prime?
False
Is 88041125003 prime?
False
Is 11528020849 a composite number?
True
Is 41475349789 composite?
False
Is 6175035187 prime?
True
Is 28484041 composite?
False
Is 1754608027 composite?
True
Is 1502127229 a composite number?
False
Is 439679491 composite?
True
Is 11480364563 a prime number?
True
Is 44870086207 a composite number?
True
Is 1053369833 a prime number?
False
Is 174199208123 prime?
False
Is 19151351 prime?
True
Is 21186264577 composite?
False
Is 2577832949 composite?
False
Is 25669566971 a prime number?
True
Is 1444701421 a composite number?
True
Is 7128834649 a composite number?
False
Is 24256554181 composite?
True
Is 32286181 prime?
False
Is 14302688813 a prime number?
False
Is 36415582171 composite?
True
Is 91514817857 a prime number?
False
Is 19184394781 prime?
True
Is 21243087253 a composite number?
False
Is 7872925067 a composite number?
True
Is 22310167591 a prime number?
False
Is 166786296283 a composite number?
False
Is 207862933 a prime number?
True
Is 476210447 prime?
True
Is 1398157421 prime?
True
Is 27845525641 a composite number?
True
Is 5916446707 a composite number?
False
Is 19117150469 a prime number?
True
Is 1863659857 a prime number?
False
Is 51701416813 a composite number?
False
Is 815941729 prime?
True
Is 3633716451 prime?
False
Is 91610633743 prime?
False
Is 304155227 composite?
False
Is 19912613933 a composite number?
False
Is 17021913514 a prime number?
False
Is 3503785889 a composite number?
False
Is 55747312459 a prime number?
False
Is 15968288233 composite?
True
Is 239276413 prime?
False
Is 760220462 a prime number?
False
Is 44841940799 a prime number?
True
Is 300350249 composite?
False
Is 1275100513 prime?
True
Is 487504523549 a prime number?
True
Is 4015872227 a prime number?
False
Is 6566103202 prime?
False
Is 18212686487 prime?
True
Is 10226101331 a prime number?
True
Is 883336837 prime?
False
Is 276852557 prime?
True
Is 56941982849 prime?
False
Is 3981531401 a composite number?
True
Is 4004112217 a composite number?
True
Is 440306039 a prime number?
False
Is 30498893 a prime number?
True
Is 13375710913 a prime number?
False
Is 79687468403 a prime number?
False
Is 249810467 a prime number?
True
Is 5625658135 prime?
False
Is 981071227 a prime number?
True
Is 128100563 a composite number?
False
Is 4533687637 prime?
True
Is 470562163563 a prime number?
False
Is 9480748399 prime?
False
Is 121372709 prime?
False
Is 7771786591 a composite number?
False
Is 372370633 prime?
False
Is 8474382097 a prime number?
True
Is 307387477 a composite number?
False
Is 749808463 composite?
False
Is 111092887567 a prime number?
True
Is 845617601 a prime number?
True
Is 136205717539 a prime number?
True
Is 465765589 composite?
False
Is 330820067 a prime number?
True
Is 3562351043 a composite number?
True
Is 2242994153 composite?
True
Is 2724212747 composite?
False
Is 56452705397 a composite number?
True
Is 3816546541 a prime number?
False
Is 15744038159 a prime number?
True
Is 2202027451 prime?
False
Is 66076922669 composite?
False
Is 4661398717 a composite number?
False
Is 19204671877 composite?
True
Is 9051442687 a composite number?
True
Is 18750317249 composite?
False
Is 41362841966 prime?
False
Is 34612883 composite?
False
Is 418408057 a prime number?
True
Is 2473637083 a prime number?
False
Is 163330746937 a prime number?
True
Is 11591140459 a composite number?
False
Is 46666771141 prime?
False
Is 3543787801 a prime number?
False
Is 341577461 a composite number?
True
Is 1206855883 a composite number?
False
Is 19862809403 a prime number?
False
Is 4705572997 prime?
True
Is 383803111 a prime number?
False
Is 10222042619 composite?
False
Is 17053562671 prime?
False
Is 71083097 composite?
False
Is 12012638771 composite?
True
Is 46511434811 prime?
False
Is 4042341133 composite?
False
Is 24712542215 composite?
True
Is 8795212411 a prime number?
False
Is 963599579 a prime number?
True
Is 220674687851 composite?
False
Is 5632137289 a composite number?
False
Is 12807381 composite?
True
Is 1460911181 composite?
False
Is 1497335471 prime?
True
Is 10919266511 prime?
True
Is 23363281 a composite number?
False
Is 721146385 a prime number?
False
Is 7680930979 a prime number?
True
Is 285248396271 composite?
True
Is 115257587363 a prime number?
True
Is 353713471 a prime number?
True
Is 69543562553 prime?
True
Is 5239618213 prime?
False
Is 4637181203 prime?
False
Is 3280910741 a composite number?
False
Is 17546153549 a composite number?
False
Is 5348329279 a prime number?
False
Is 14068032289 a composite number?
False
Is 996897981 a composite number?
True
Is 15635606957 composite?
False
Is 49330369619 prime?
False
Is 4070104271 composite?
False
Is 46199262119 a composite number?
True
Is 464922439 prime?
False
Is 14554368511 prime?
False
Is 8669201551 a composite number?
True
Is 3353032373 composite?
True
Is 11961546347 a prime number?
True
Is 5980363979 a composite number?
True
Is 329479301 a composite number?
True
Is 12312213913 a composite number?
False
Is 30967628599 composite?
True
Is 2893183313 a prime number?
True
Is 166469209009 prime?
True
Is 7220260913 composite?
True
Is 2173782929 prime?
True
Is 399257653 prime?
True
Is 161124376673 a prime number?
False
Is 158321467 prime?
True
Is 1101286177 prime?
True
Is 19057690087 prime?
False
Is 26382268067 prime?
True
Is 5856063181 a composite number?
True
Is 5860814747 a prime number?
False
Is 29993874983 prime?
False
Is 42647239 a prime number?
False
Is 11395894669 prime?
False
Is 101696249 a composite number?
False
Is 241205147 a composite number?
True
Is 7098039419 a prime number?
False
Is 7026672887 composite?
True
Is 786395387 a composite number?
True
Is 4027324643 a prime number?
False
Is 420646753 prime?
False
Is 2117824013 a prime number?
True
Is 72102397865 a composite number?
True
Is 633042749 a prime number?
True
Is 11726522479 prime?
False
Is 14171744689 composite?
True
Is 29521337 prime?
True
Is 2874455627 a prime number?
True
Is 76893931999 a composite number?
False
Is 9806875259 a composite number?
True
Is 3219238579 composite?
True
Is 518